{"id":128,"date":"2022-02-06T16:15:21","date_gmt":"2022-02-06T15:15:21","guid":{"rendered":"http:\/\/rostry.com.pl\/?page_id=128"},"modified":"2022-02-21T20:53:16","modified_gmt":"2022-02-21T19:53:16","slug":"przygotowalnia-fleksograficzna","status":"publish","type":"page","link":"https:\/\/rostry.com.pl\/index.php\/przygotowalnia-fleksograficzna\/","title":{"rendered":"Przygotowalnia fleksograficzna"},"content":{"rendered":"\n<p>Z fleksografi\u0105 (projektowanie, obr\u00f3bka DTP, Profilowanie maszyn, proofing, fotopolimery, doradztwo techniczne, materia\u0142y tj. pianki) mamy do czynienia od 30 lat. Tak wi\u0119c nie brakuje nam do\u015bwiadczenia, ale r\u00f3wnie\u017c mamy du\u017ce ch\u0119ci i ambicje.<\/p>\n\n\n\n<p>Obecnie \u015bci\u015ble wsp\u00f3\u0142pracujemy z firm\u0105 <strong><a href=\"http:\/\/www.fpmprojekt.pl\">FPM Projekt sp. z o.o.<\/a><\/strong><\/p>\n\n\n\n<figure class=\"wp-block-table\"><table class=\"has-fixed-layout\"><tbody><tr><td class=\"has-text-align-center\" data-align=\"center\"><a href=\"http:\/\/rostry.com.pl\/index.php\/uslugi-it\/\"><img loading=\"lazy\" decoding=\"async\" width=\"300\" height=\"200\" class=\"wp-image-197\" style=\"width: 300px;\" src=\"http:\/\/rostry.com.pl\/wp-content\/uploads\/2022\/02\/support-g64001975f_1920.jpg\" alt=\"\" srcset=\"https:\/\/rostry.com.pl\/wp-content\/uploads\/2022\/02\/support-g64001975f_1920.jpg 1920w, https:\/\/rostry.com.pl\/wp-content\/uploads\/2022\/02\/support-g64001975f_1920-300x200.jpg 300w, https:\/\/rostry.com.pl\/wp-content\/uploads\/2022\/02\/support-g64001975f_1920-1024x683.jpg 1024w, https:\/\/rostry.com.pl\/wp-content\/uploads\/2022\/02\/support-g64001975f_1920-768x512.jpg 768w, https:\/\/rostry.com.pl\/wp-content\/uploads\/2022\/02\/support-g64001975f_1920-1536x1024.jpg 1536w\" sizes=\"auto, (max-width: 300px) 100vw, 300px\" \/><\/a><br><strong><a href=\"http:\/\/rostry.com.pl\/index.php\/uslugi-it\/\">Us\u0142ugi IT<\/a><\/strong><\/td><td class=\"has-text-align-center\" data-align=\"center\"><img loading=\"lazy\" decoding=\"async\" width=\"300\" height=\"127\" class=\"wp-image-19\" style=\"width: 300px;\" src=\"http:\/\/rostry.com.pl\/wp-content\/uploads\/2022\/01\/logo_rostry.png\" alt=\"\"><br><br><strong>Przygotowalnia fleksograficzna<\/strong><\/td><\/tr><\/tbody><\/table><\/figure>\n\n\n\n<figure class=\"wp-block-table\"><table><tbody><tr><td class=\"has-text-align-center\" data-align=\"center\"><img loading=\"lazy\" decoding=\"async\" width=\"300\" height=\"200\" class=\"wp-image-207\" style=\"width: 300px;\" src=\"http:\/\/rostry.com.pl\/wp-content\/uploads\/2022\/02\/the-conference-g4bf71f775_1920.jpg\" alt=\"\" srcset=\"https:\/\/rostry.com.pl\/wp-content\/uploads\/2022\/02\/the-conference-g4bf71f775_1920.jpg 1920w, https:\/\/rostry.com.pl\/wp-content\/uploads\/2022\/02\/the-conference-g4bf71f775_1920-300x200.jpg 300w, https:\/\/rostry.com.pl\/wp-content\/uploads\/2022\/02\/the-conference-g4bf71f775_1920-1024x683.jpg 1024w, https:\/\/rostry.com.pl\/wp-content\/uploads\/2022\/02\/the-conference-g4bf71f775_1920-768x512.jpg 768w, https:\/\/rostry.com.pl\/wp-content\/uploads\/2022\/02\/the-conference-g4bf71f775_1920-1536x1025.jpg 1536w\" sizes=\"auto, (max-width: 300px) 100vw, 300px\" \/><br><strong>Szkolenia<\/strong><\/td><td class=\"has-text-align-center\" data-align=\"center\"><img loading=\"lazy\" decoding=\"async\" width=\"300\" height=\"200\" class=\"wp-image-208\" style=\"width: 300px;\" src=\"http:\/\/rostry.com.pl\/wp-content\/uploads\/2022\/02\/event-g7eb9d8758_1920.jpg\" alt=\"\" srcset=\"https:\/\/rostry.com.pl\/wp-content\/uploads\/2022\/02\/event-g7eb9d8758_1920.jpg 1920w, https:\/\/rostry.com.pl\/wp-content\/uploads\/2022\/02\/event-g7eb9d8758_1920-300x200.jpg 300w, https:\/\/rostry.com.pl\/wp-content\/uploads\/2022\/02\/event-g7eb9d8758_1920-1024x683.jpg 1024w, https:\/\/rostry.com.pl\/wp-content\/uploads\/2022\/02\/event-g7eb9d8758_1920-768x512.jpg 768w, https:\/\/rostry.com.pl\/wp-content\/uploads\/2022\/02\/event-g7eb9d8758_1920-1536x1024.jpg 1536w\" sizes=\"auto, (max-width: 300px) 100vw, 300px\" \/><br><strong>Prezentacje<\/strong><\/td><\/tr><\/tbody><\/table><\/figure>\n\n\n\n<figure class=\"wp-block-table aligncenter\"><table class=\"has-fixed-layout\"><tbody><tr><td class=\"has-text-align-center\" data-align=\"center\"><strong><img decoding=\"async\" style=\"width: 280px;\" src=\"http:\/\/rostry.com.pl\/wp-content\/uploads\/2022\/02\/office-g02b107128_1920.jpg\" alt=\"\"><\/strong><br><strong>Studio Projektowe<\/strong><\/td><td class=\"has-text-align-center\" data-align=\"center\"><img decoding=\"async\" style=\"width: 280px;\" src=\"http:\/\/rostry.com.pl\/wp-content\/uploads\/2022\/02\/mac-gce5a090a3_1920.jpg\" alt=\"\"><br><strong>Studio DTP<\/strong><\/td><td class=\"has-text-align-center\" data-align=\"center\"><img decoding=\"async\" style=\"width: 280px;\" src=\"http:\/\/rostry.com.pl\/wp-content\/uploads\/2022\/02\/magnifying-glass-gd2f697b32_1920.jpg\" alt=\"\"><br><strong>Profilowanie CMYK i n-kolor\u00f3w<\/strong> <\/td><\/tr><tr><td class=\"has-text-align-center\" data-align=\"center\"><img decoding=\"async\" style=\"width: 280px;\" src=\"http:\/\/rostry.com.pl\/wp-content\/uploads\/2022\/02\/IMG_20220201_104226-1.jpg\" alt=\"\"><br><strong>Proofing<\/strong><\/td><td class=\"has-text-align-center\" data-align=\"center\"><img decoding=\"async\" style=\"width: 280px;\" src=\"http:\/\/rostry.com.pl\/wp-content\/uploads\/2022\/02\/IMG_20220104_135806-1.jpg\" alt=\"\"><br><strong>Fotopolimery<\/strong><\/td><td class=\"has-text-align-center\" data-align=\"center\"><img decoding=\"async\" style=\"width: 280px;\" src=\"http:\/\/rostry.com.pl\/wp-content\/uploads\/2022\/02\/blockchain-ga9d8ab039_1920.jpg\" alt=\"\"><br><strong>Doradztwo<\/strong><\/td><\/tr><\/tbody><\/table><\/figure>\n\n\n\n<figure class=\"wp-block-gallery has-nested-images columns-default is-cropped wp-block-gallery-1 is-layout-flex wp-block-gallery-is-layout-flex\">\n<figure class=\"wp-block-image size-medium\"><img loading=\"lazy\" decoding=\"async\" width=\"300\" height=\"199\" data-id=\"113\" src=\"http:\/\/rostry.com.pl\/wp-content\/uploads\/2022\/02\/ink-g8e72b3c53_1920-300x199.jpg\" alt=\"\" class=\"wp-image-113\" srcset=\"https:\/\/rostry.com.pl\/wp-content\/uploads\/2022\/02\/ink-g8e72b3c53_1920-300x199.jpg 300w, https:\/\/rostry.com.pl\/wp-content\/uploads\/2022\/02\/ink-g8e72b3c53_1920-1024x681.jpg 1024w, https:\/\/rostry.com.pl\/wp-content\/uploads\/2022\/02\/ink-g8e72b3c53_1920-768x510.jpg 768w, https:\/\/rostry.com.pl\/wp-content\/uploads\/2022\/02\/ink-g8e72b3c53_1920-1536x1021.jpg 1536w, https:\/\/rostry.com.pl\/wp-content\/uploads\/2022\/02\/ink-g8e72b3c53_1920.jpg 1920w\" sizes=\"auto, (max-width: 300px) 100vw, 300px\" \/><figcaption><strong>Materia\u0142y<\/strong><\/figcaption><\/figure>\n\n\n\n<figure class=\"wp-block-image size-medium\"><img loading=\"lazy\" decoding=\"async\" width=\"300\" height=\"200\" data-id=\"148\" src=\"http:\/\/rostry.com.pl\/wp-content\/uploads\/2022\/02\/strecz-gb0c52261a_1920-300x200.jpg\" alt=\"\" class=\"wp-image-148\" srcset=\"https:\/\/rostry.com.pl\/wp-content\/uploads\/2022\/02\/strecz-gb0c52261a_1920-300x200.jpg 300w, https:\/\/rostry.com.pl\/wp-content\/uploads\/2022\/02\/strecz-gb0c52261a_1920-1024x683.jpg 1024w, https:\/\/rostry.com.pl\/wp-content\/uploads\/2022\/02\/strecz-gb0c52261a_1920-768x512.jpg 768w, https:\/\/rostry.com.pl\/wp-content\/uploads\/2022\/02\/strecz-gb0c52261a_1920-1536x1024.jpg 1536w, https:\/\/rostry.com.pl\/wp-content\/uploads\/2022\/02\/strecz-gb0c52261a_1920.jpg 1920w\" sizes=\"auto, (max-width: 300px) 100vw, 300px\" \/><figcaption><strong>Materia\u0142y<\/strong><\/figcaption><\/figure>\n<\/figure>\n","protected":false},"excerpt":{"rendered":"<p>Z fleksografi\u0105 (projektowanie, obr\u00f3bka DTP, Profilowanie maszyn, proofing, fotopolimery, doradztwo techniczne, materia\u0142y tj. pianki) mamy do czynienia od 30 lat. Tak wi\u0119c nie brakuje nam do\u015bwiadczenia, ale r\u00f3wnie\u017c mamy du\u017ce &#8230;<\/p>\n","protected":false},"author":1,"featured_media":0,"parent":0,"menu_order":0,"comment_status":"closed","ping_status":"closed","template":"","meta":{"footnotes":""},"class_list":["post-128","page","type-page","status-publish","hentry"],"_links":{"self":[{"href":"https:\/\/rostry.com.pl\/index.php\/wp-json\/wp\/v2\/pages\/128","targetHints":{"allow":["GET"]}}],"collection":[{"href":"https:\/\/rostry.com.pl\/index.php\/wp-json\/wp\/v2\/pages"}],"about":[{"href":"https:\/\/rostry.com.pl\/index.php\/wp-json\/wp\/v2\/types\/page"}],"author":[{"embeddable":true,"href":"https:\/\/rostry.com.pl\/index.php\/wp-json\/wp\/v2\/users\/1"}],"replies":[{"embeddable":true,"href":"https:\/\/rostry.com.pl\/index.php\/wp-json\/wp\/v2\/comments?post=128"}],"version-history":[{"count":12,"href":"https:\/\/rostry.com.pl\/index.php\/wp-json\/wp\/v2\/pages\/128\/revisions"}],"predecessor-version":[{"id":211,"href":"https:\/\/rostry.com.pl\/index.php\/wp-json\/wp\/v2\/pages\/128\/revisions\/211"}],"wp:attachment":[{"href":"https:\/\/rostry.com.pl\/index.php\/wp-json\/wp\/v2\/media?parent=128"}],"curies":[{"name":"wp","href":"https:\/\/api.w.org\/{rel}","templated":true}]}}